(-9 + 30) - (-15 + 3))
34
9 + -1 + 1 + (-95 - (-178 - -101))
-9
Evaluate (0 - 11) + (81 - 103 - -70).
37
Calculate -3 - (((42 - -3) + 12 - 4) + 0 + -2).
-54
56 + -3 - (321 + -295)
27
What is the value of 46 + (-62 - -8) - (-1 - (-1 - 0))?
-8
What is (-4 - (-2 - -3)) + -24 + -1 + (-296 - -313)?
-13
Evaluate 15 - (16 + (3 - -15) + -23).
4
What is the value of -7 + 6 - (-22 + -7) - -17?
45
-142 + 69 - (-144 + 10)
61
What is (-46 - -46) + (-43 - 8)?
-51
Calculate (-16 - (28 + -56) - 72 - (-1 - 7)) + -16.
-68
-1 + -22 + (16 - 32) + 17
-22
What is the value of (-6 - -10) + -6 + (48 + 2 - -3) + -4?
47
Calculate (-100 + 57 - -58) + -4.
11
What is -39 - -12 - (-97 - -89)?
-19
-86 - -95 - (105 + (0 - (-10 - -9)))
-97
-11 + 1 + 19 + -3 + -1 + 64
69
22 + 1 + (70 + 79 - 169)
3
Calculate 15 + (-3 + (5 - -15) + -12 - 12).
8
What is the value of (23 - 11) + 32 - (-10 - -8)?
46
What is the value of (5 + 54 - -11) + -21 + -5?
44
What is the value of -25 + 59 + -36 + -20?
-22
Calculate -36 + (-3 - (-40 + 42)).
-41
Calculate 73 - (129 + -126 + (-1 - 2) + 13 + -9).
69
Calculate 64 - 77 - (-2 - (4 + 3 + -11)).
-15
Calculate (1 - 22) + (25 + 15 + -19 + -8 - 2).
-10
-4 - -1 - (80 + (31 - 70) - (-17 - -3))
-58
What is -47 + (211 - (50 + -48)) - 23?
139
Evaluate 31 - (-3 - -13 - (-2 + 9) - 8) - 7.
29
Evaluate -11 - (2 - 8) - 16 - (77 + 18).
-116
What is the value of (126 - (-43 + 70)) + -3 + -5 + 0?
91
-2 - (-80 + (66 - 24))
36
Evaluate (26 + -13 - 21) + 3 + -5.
-10
What is (9 + 3 - 31) + 1 + -4 + -4?
-26
Calculate 27 + (-34 - -107) + -45.
55
Evaluate -38 + (-10 - -51 - 27) - (1 + 0).
-25
Calculate 15 + -23 - (-3 + -12).
7
What is -37 + 35 - 9 - 10?
-21
2 + -6 + -4 + 2 + 6 + (-22 - 7)
-29
What is the value of (27 - (-19 + (17 - -6) + (-2 - -2))) + 2?
25
Evaluate -44 + 32 - (6 + -21 + 2) - -4.
5
Evaluate -10 - ((0 - (-1 + -39)) + (-6977 - -6961)).
-34
Evaluate 54 - (122 - 51) - 45.
-62
What is ((-14 - -3 - -19) + 2 - 8) + (-1 - 67)?
-66
Evaluate -9 + (-13 - -19) + -6 + -11 + 6.
-14
What is the value of -17 + (480 + -520 - (-1 + -24))?
-32
What is (19 - 4) + (15 - (6 + (6 - 3)) - 140)?
-119
Evaluate (102 - (148 + -137)) + 40.
131
What is (-147 - (-77 + -14)) + 7?
-49
What is 6 + -7 + (-24 - -4) + 37?
16
What is 140 - 151 - (34 - 61)?
16
What is (-9334 - -9318) + (0 + -2 + 2 - 65)?
-81
(104 - 1) + (3590 - 3674)
19
What is the value of 3 - 12 - (-26 - (10 - 81))?
-54
What is 62 + 34 + -75 + 34?
55
What is 5 + 1 - (152 - 171) - 15?
10
What is -206 + 204 - ((-1 - (1 + 8 + -5)) + -6)?
9
What is 1097 + -1084 + 2 + -58?
-43
-57 + 17 - ((49 - 32) + 9)
-66
77 + 41 + -120 + (-1 - (1 - 3)) - -4
3
Calculate 0 - -73 - (-109 - (114 + -259)).
37
Evaluate (-81 - -96) + -8 + 43.
50
Calculate 7 + -12 + (6 + (6 - 3) - 13).
-9
Evaluate -13 - -61 - (137 - 45).
-44
Evaluate (-23 - 12) + 24 + 53 + -3.
39
What is the value of 71 + 18 + ((0 - 12) + -44 + 51 - 7)?
77
What is -5 + (31 + -26 - -53)?
53
Evaluate -86 - 1 - -1 - ((0 - 0) + 2327 + -2320).
-93
What is -1 + ((-11 - 9) + 14 + -3 - (-72 + -4))?
66
2 - 2 - 24 - (2179 - 2156)
-47
70 - (6 + -7 + (1 - -2) + -5 - -11)
62
What is (1 - (20 - -1)) + (33 - 22) - (16 + -7)?
-18
1 + -2 + 459 + -424 + (-2 - 0)
32
Evaluate (-159 - -221) + 67 + -147.
-18
(-5 - (-23 + -8 + (0 - -8))) + -8 + -6
4
-3 + -1 - 1 - (-5 + -23 + -25 + 25)
23
What is -35 + 9 + (-20 - -46) + 1 + -10?
-9
What is the value of -15 + 30 + 5 + (-3 - 2) - 30 - -149?
134
Calculate (-11 - -21) + (-9 + -6 - -4) + 15.
14
What is the value of (14 + -26 - (8 + 1)) + -2 - -8?
-15
Calculate (0 - -131) + 40 + -88 + 7.
90
What is the value of -2 + (-50 - (268 + -267 - (2 - (0 - 2))))?
-49
Evaluate 3 - -1 - (-14 + 38 + -60 + 34).
6
What is 1308 + -1276 + -2 + -53?
-23
What is the value of (11 - 88) + 145 + -4?
64
What is (0 + -5 + 3 - 28) + (-9 - -12) + -9?
-36
What is -23 + -18 + 34 - -28 - -66?
87
Calculate 2 + 18 - (679 - 602).
-57
Evaluate 10 + -7 + -27 + 14 + 26 + -29.
-13
What is the value of 1 + -1 - (-2 + 94 + -38 + -184)?
130
What is -161 + 51 + -2 + -2 + (10 - (-10 - -4))?
-98
-26 + (2 - (1 - -2)) + (-2759 - -2765)
-21
Calculate 17 + (-4 - 6) + 11 + -5 + -33.
-20
Calculate (-11 - (-14 - -36 - 46)) + -29.
-16
Evaluate -36 + 9 + -20 - -1.
-46
Calculate 53 + -24 + 2 + ((-6 - 0) + 17 - 1).
41
Calculate 100 + -108 + (-11 - (5 + -6 + 3)).
-21
Calculate 105 - (-51 + 141) - (25 - 1).
-9
Evaluate -8 + (3 - (-24 + 47) - (1 + 5)).
-34
What is (39 + (-86 - -23) + 33 - (-1 - 55)) + 1?
66
Calculate (-56 - (-113 + 24)) + 6.
39
What is -69 - ((2 - -2) + (26 - (15 + 8)) + 2)?
-78
What is -63 + (-3 - (3 + -9)) - (-335 - -329)?
-54
What is the value of 10 + (-2 + 2 - 7) + 5 - -6?
14
Evaluate 70 - (67 - 59 - -58).
4
What is the value of (-45 - -54 - (0 + -2)) + -112 + (40 - 48)?
-109
(-1 - 10) + (-196 - -216)
9
What is the value of -21 + (15 + -41 + 3 - -50)?
6
-28 - (-7 + (-1 - (7 + -6 + -13)))
-32
(-17 - -8 - -23) + (9 - 17 - -13) + 1
20
-12 + 23 - (-1 + -7 + -40 + 46)
13
88 - (0 + -3 + (45 - 4))
50
49 + -32 + 41 - 91
-33
Evaluate 7 + -33 + (3 - 4) + 14 + -9.
-22
Calculate 17 - (-82 + (328 - 144)).
-85
What is the value of 22 + (-24 - (-8 + (6 - 1)))?
1
Calculate -44 + -22 + (35 - -54).
23
Evaluate (54 - 0) + -6 + (-6 - (4 - 5 - 11)).
54
-35 - (31 - ((29 - 5) + -4))
-46
-179 - (219 + -393) - (-14 + (3 - 1) + -2)
9
6 + -1 + 4 + -12 - (-29 + -3 - 7)
36
Calculate (-86 - -22 - -81) + 37.
54
Calculate (-926 - -919) + 45 + -1.
37
Evaluate 0 + -65 - (3 + 0 - (-39 + -5 - -31)).
-81
What is -6 + 2 - (-11 - (-20 + 9 + -7))?
-11
What is the value of (-2 - 6) + (-1 - -20) + 13 + 61 + -72?
13
What is (-5 - (-33 - 6)) + (-144 - -183)?
73
What is -13 + 54 - (71 + -149)?
119
(100 - 55 - 24) + -69
-48
What is the value of 21 - 64 - -3 - (19 + -7 + 2)?
-54
Calculate 52 - (-9 + -5 + 24 + -19 - 0).
61
Evaluate (20 - 63 - -38) + -12 + 0.
-17
What is -163 + 147 + (0 + 12 - -2) - -47?
45
Evaluate (-5 + 4 + 4 - -98) + 7101 + -7112.
90
0 + -29 + -3 + 6 + -60 + 39
-47
What is -57 + (0 - 0) + 39 + (-52 - -21)?
-49
Calculate -65 - -32 - -23 - -45 - 22.
13
Evaluate (120 - (33 - -54)) + -53.
-20
What is the value of (-1 - 4 - (16 + 33 + -46)) + -10?
-18
-25 + (1158 - 1175 - (1 + -4 + (-4 - -1)))
-36
20 + -72 + (21 - 23) + 0 + 11 + 2
-41
88 - 72 - (5 - (7 - (-11 - -105)))
-76
What is the value of -38 - (12 + -32 + -13)?
-5
(51 + -5 - 22) + 37 - 9
52
What is (1 - 1) + 5 + (-1 - 121) + (-202 - -234)?
-85
Evaluate 15 + 3 + -2 + (77 - (32 - -126)).
-65
What is the value of -9 + -43 - -26 - (-176 - -22)?
128
Evaluate 1 - -15 - (82 - 126 - -39).
21
What is the value of -43 + (65 - (-49 - -51))?
20
What is the value of -21 - -27 - (-124 + (-3 - (11 + -13 - 9)))?
122
What is 2 + 70 - (-107 + 191 - 71)?
59
Evaluate (4 - (-9 + (-4 - (11 + -6) - -69))) + -1.
-48
What is the value of -51 - (-18 + (-1 - -16) + (12 - 19))?
-41
(3 - 77) + -1180 + 1267
13
(7 - (45 - 11 - 16)) + 1
-10
Evaluate (2 + -5 + 3 - (235 - 259)) + 6.
30
30 - (-39 + 55) - (4 - 2 - -16)
-4
Calculate (99 - (-22 - -3)) + (-21 - -7) + 0.
104
What is the value of 52 + -28 + (-17 - -8) - 45?
-30
-4 - (-10 + -13 + 9) - (-36 - -9)
37
What is -30 + -24 + 40 - (9 - 8)?
-15
Calculate 12 + -10 - 40 - -34.
-4
Evaluate -39 + 66 + 52 + -23.
56
Calculate 879 - 892 - (0 + -5 + (2 - -2)).
-12
Calculate (-7 - 19 - -25) + -27 + 10.
-18
What is the value of -6 + -2 - (23 - 52) - 48?
-27
(40 - 40) + 87 - 44
43
Evaluate 5 + ((3 - 8) + (-14 - -16) - -11) + -97.
-84
(-9 - 3 - -2 - -12) + 3 - 44
-39
Evaluate 7 - (-207 + 109 + 7 + 18).
80
Evaluate -40 + -50 + 66 - -15.
-9
Calculate 80 - (-48 + -64 + 146).
46
Calculate -11 + -64 - (245 - 284).
-36
What is the value of 86 + ((-13 - -4) + 10 - 16) - -6?
77
What is the value of 2 + 14 + 2 + (-4 + 8 - 21) + -109?
-108
11 + 8 - 16 - 17
-14
Evaluate -52 - 0 - ((-121 - -95) + 38).
-64
0 + 12 + (8 - (-2 + -47)) + 10
79
Calculate 28 + 20 + 22 + -71.
-1
Calculate -17 + (7 - (-23 - -18) - 36).
-41
What is the value of (-18 + 44 - 8) + -17 + 17 + -25?
-7
Calculate -29 - (25 - 28 - (15 - 23)).
-34
Evaluate 0 + 58 - (12525 + -12491).
24
What is the value of -1 + 3 - -19 - (85 - 64)?
0
What is the value of -45 + 138 + -37 - 6?
50
-28 + (78 - 30) + 97 + -41
76
What is (45 - 5) + (-3 - -4 - 30)?
11
What is the value of -3 - (-1 + 0 + -2) - (-20 + 14)?
6
What is the va